eatest common factor of 33 and 2321.
11
What is the highest common factor of 105 and 336?
21
Calculate the greatest common factor of 222 and 60.
6
Calculate the highest common factor of 1368 and 2223.
171
What is the highest common factor of 760 and 40?
40
Calculate the highest common factor of 16 and 1328.
16
What is the greatest common divisor of 342 and 2698?
38
Calculate the greatest common factor of 348 and 408.
12
Calculate the greatest common divisor of 24 and 153.
3
What is the greatest common divisor of 714 and 442?
34
What is the highest common divisor of 144 and 72?
72
What is the highest common divisor of 8096 and 23?
23
Calculate the highest common factor of 464 and 16.
16
What is the greatest common divisor of 48 and 2076?
12
What is the highest common factor of 129 and 559?
43
Calculate the greatest common factor of 24 and 60.
12
What is the greatest common factor of 12 and 732?
12
What is the highest common divisor of 34 and 2006?
34
What is the highest common factor of 1457 and 31?
31
What is the highest common factor of 120 and 345?
15
What is the greatest common divisor of 970 and 80?
10
Calculate the greatest common divisor of 9 and 63.
9
Calculate the greatest common factor of 715 and 39.
13
What is the greatest common factor of 399 and 228?
57
What is the greatest common factor of 140 and 245?
35
Calculate the greatest common divisor of 23 and 69.
23
Calculate the highest common divisor of 310 and 30.
10
What is the highest common factor of 3 and 3?
3
Calculate the greatest common factor of 21 and 651.
21
What is the highest common factor of 110 and 15?
5
What is the highest common divisor of 4087 and 793?
61
What is the highest common factor of 192 and 2208?
96
Calculate the highest common factor of 931 and 19.
19
Calculate the highest common factor of 52 and 7228.
52
Calculate the highest common divisor of 18 and 2502.
18
What is the highest common factor of 77 and 7?
7
Calculate the highest common factor of 8194 and 136.
34
Calculate the greatest common factor of 893 and 188.
47
Calculate the highest common divisor of 72 and 270.
18
Calculate the greatest common divisor of 266 and 4655.
133
Calculate the greatest common divisor of 512 and 16.
16
Calculate the highest common factor of 480 and 780.
60
Calculate the greatest common factor of 285 and 110.
5
Calculate the greatest common divisor of 60 and 38940.
60
Calculate the greatest common divisor of 84624 and 16.
16
Calculate the greatest common factor of 2754 and 810.
162
What is the greatest common divisor of 130 and 4355?
65
What is the greatest common divisor of 10 and 110?
10
Calculate the greatest common factor of 68 and 17884.
68
What is the greatest common factor of 654 and 6?
6
Calculate the highest common factor of 150 and 75.
75
What is the greatest common divisor of 32 and 50?
2
Calculate the highest common factor of 496 and 31.
31
What is the greatest common factor of 96 and 2064?
48
Calculate the greatest common divisor of 1960 and 98.
98
Calculate the highest common factor of 17 and 3.
1
Calculate the highest common divisor of 18 and 198.
18
Calculate the highest common divisor of 2532 and 12.
12
Calculate the highest common divisor of 4 and 10.
2
What is the highest common divisor of 4 and 78?
2
Calculate the highest common divisor of 120 and 150.
30
Calculate the greatest common divisor of 24 and 228.
12
What is the greatest common factor of 1221 and 231?
33
What is the highest common divisor of 24 and 856?
8
Calculate the highest common divisor of 2 and 82.
2
What is the greatest common divisor of 2050 and 1517?
41
Calculate the highest common factor of 31 and 1240.
31
What is the greatest common divisor of 130 and 2626?
26
Calculate the greatest common factor of 184 and 207.
23
Calculate the greatest common factor of 576 and 5696.
64
Calculate the highest common divisor of 77 and 44.
11
What is the highest common factor of 1729 and 52?
13
What is the highest common divisor of 24 and 696?
24
Calculate the greatest common divisor of 240 and 3504.
48
What is the highest common factor of 340 and 15130?
170
Calculate the greatest common factor of 21 and 84.
21
What is the greatest common factor of 1554 and 56?
14
What is the greatest common divisor of 273 and 156?
39
What is the greatest common divisor of 17125 and 500?
125
Calculate the greatest common factor of 132 and 363.
33
What is the greatest common divisor of 38 and 551?
19
Calculate the greatest common divisor of 1750 and 14.
14
What is the greatest common divisor of 664 and 4482?
166
Calculate the highest common factor of 48 and 6144.
48
What is the greatest common divisor of 81 and 18?
9
Calculate the greatest common divisor of 82 and 779.
41
Calculate the greatest common factor of 13 and 182.
13
What is the highest common factor of 7 and 49?
7
Calculate the greatest common factor of 594 and 36.
18
What is the greatest common divisor of 44 and 2332?
44
Calculate the greatest common factor of 36 and 342.
18
What is the greatest common divisor of 333 and 37?
37
What is the greatest common divisor of 12 and 4?
4
Calculate the greatest common factor of 44 and 604.
4
What is the greatest common factor of 25 and 1325?
25
Calculate the highest common factor of 531 and 9.
9
Calculate the greatest common divisor of 42 and 8498.
14
What is the greatest common factor of 8 and 196?
4
Calculate the highest common factor of 27 and 3.
3
Calculate the greatest common divisor of 8 and 1250.
2
What is the greatest common divisor of 2424 and 24?
24
Calculate the greatest common factor of 16 and 18.
2
What is the greatest common divisor of 1421 and 116?
29
What is the highest common factor of 630 and 250?
10
What is the highest common factor of 620 and 372?
124
Calculate the greatest common factor of 1258 and 518.
74
Calculate the greatest common divisor of 183 and 3.
3
What is the greatest common factor of 127 and 381?
127
What is the greatest common divisor of 738 and 162?
18
Calculate the highest common divisor of 48 and 112.
16
What is the highest common divisor of 196 and 308?
28
Calculate the greatest common divisor of 124 and 12.
4
What is the greatest common divisor of 864 and 20?
4
What is the highest common factor of 3192 and 171?
57
Calculate the greatest common factor of 72 and 6732.
36
What is the highest common divisor of 17 and 833?
17
Calculate the greatest common factor of 345 and 45.
15
What is the greatest common divisor of 927 and 27?
9
Calculate the highest common divisor of 50 and 640.
10
Calculate the highest common divisor of 152 and 48.
8
What is the highest common divisor of 21100 and 300?
100
Calculate the greatest common factor of 5560 and 160.
40
Calculate the greatest common divisor of 57 and 1007.
19
Calculate the highest common divisor of 3267 and 18.
9
Calculate the highest common factor of 35 and 65.
5
Calculate the highest common divisor of 11 and 1375.
11
What is the highest common divisor of 434 and 992?
62
What is the greatest common divisor of 13364 and 208?
52
What is the highest common factor of 516 and 48?
12
What is the highest common divisor of 1312 and 64?
32
What is the highest common divisor of 4459 and 26?
13
Calculate the highest common divisor of 7 and 413.
7
What is the greatest common divisor of 429 and 132?
33
What is the greatest common divisor of 1100 and 66?
22
Calculate the highest common factor of 52 and 2522.
26
Calculate the greatest common divisor of 7 and 854.
7
Calculate the greatest common factor of 56 and 854.
14
What is the highest common divisor of 72 and 126?
18
Calculate the greatest common divisor of 28 and 2012.
4
What is the greatest common factor of 3552 and 74?
74
Calculate the highest common divisor of 16365 and 60.
15
Calculate the highest common divisor of 54 and 18.
18
Calculate the greatest common factor of 9 and 543.
3
What is the greatest common divisor of 351 and 243?
27
What is the highest common factor of 11420 and 20?
20
Calculate the greatest common divisor of 17089 and 23.
23
Calculate the highest common factor of 50 and 650.
50
What is the greatest common divisor of 44 and 110?
22
Calculate the greatest common divisor of 26 and 33644.
26
What is the highest common divisor of 25 and 5?
5
Calculate the greatest common divis